5*x, f = x + 15. What is the greatest common factor of f and y?
5
Suppose 0 = 2*o - 5*o + 285. Calculate the greatest common divisor of o and 5.
5
Let r = 65 + -45. What is the highest common factor of r and 220?
20
Let s = -270 - -402. Suppose -8*q = -6*q - 12. Suppose d = q*d - 60. What is the greatest common factor of s and d?
12
Let j = -209 - -274. Calculate the greatest common factor of j and 117.
13
Suppose -40 = -2*u - 2. Let q be ((-2)/7)/((-3)/42). Suppose -4*m + 143 = 5*k, q*m - 94 = 5*k + u. Calculate the highest common divisor of 80 and m.
16
Let w be 1082/24 - 46/552. Suppose -2*p - 2*p = 5*t - 316, p - 244 = -4*t. Calculate the highest common factor of w and t.
15
Let z(x) = 6*x + 2. Let p be z(3). Suppose 2*w - 25 = -3*w + 4*s, -4*s = p. Let o be w/2 + 21/14. What is the greatest common divisor of o and 8?
2
Let w(j) = -2*j - 5. Let k be w(-4). Suppose 48 = k*l + 3*l. Let y = l + 10. Calculate the greatest common divisor of y and 36.
18
Let v = 184 - 150. Suppose 56 = f + 5. What is the highest common factor of f and v?
17
Let n be 114/12*(-4)/(-1). Let g = n + -36. Calculate the greatest common factor of 8 and g.
2
Let w be ((-3 + 1)*7)/(-2). Suppose 0 = -33580*i + 33561*i + 532. What is the highest common factor of w and i?
7
Let l = -447 + 471. Calculate the greatest common factor of l and 888.
24
Let x = -171 - -219. What is the greatest common factor of 3 and x?
3
Suppose -2*j - p + 9 = 2*p, p = -4*j + 13. Suppose -z + 88 = 4*f, 4*z - 7*f = -j*f + 312. Calculate the greatest common divisor of 16 and z.
16
Let i(z) = 4*z + 10. Let k be i(10). Let a be -1*k*45/(-30). Suppose 0 = 5*d - 27 - 48. Calculate the highest common divisor of d and a.
15
Suppose 114 + 1686 = l. Suppose -2*q = -11*q + l. Calculate the highest common factor of q and 10.
10
Suppose 4*l - 17*c = -14*c + 87, -c = 5*l - 123. Calculate the highest common factor of l and 156.
12
Let o(w) = 48*w**2 - 2*w - 8. Let m be o(-3). What is the highest common factor of 10 and m?
10
Let p be (33/(-9) + -3)/(11/(-198)). What is the highest common divisor of 48 and p?
24
Let s be -7*(0 + 1 - 2). Suppose s = 4*i - 1. Suppose -2*l - i = -4*l. Calculate the greatest common factor of 1 and l.
1
Let c(x) = x + 6. Let k(i) = -5. Let v(o) = 4*c(o) + 3*k(o). Let l be v(0). What is the greatest common factor of l and 27?
9
Let j be 57/3 + (-6 - 0). Calculate the greatest common divisor of 5 and j.
1
Suppose 0 = 9*q - 10*q + 178. Let l be q/3 + 2/3. What is the greatest common factor of l and 480?
60
Suppose -2*b - b - 208 = 5*y, -10 = 2*y. Let m = b + 93. Calculate the highest common factor of m and 160.
32
Let z = 35 + -17. Let i(j) = j**2 - 40. Let u be i(-8). Calculate the greatest common factor of u and z.
6
Let m(h) = -h**3 + 7*h**2 + 32*h - 19. Let n be m(10). Calculate the highest common divisor of 47 and n.
1
Let j = 522 + -519. Calculate the highest common divisor of j and 9.
3
Let w be 4/(-14) - (-452)/14. Suppose -b + 258 = 2*l, -2*l - 2*l - 508 = -2*b. What is the greatest common divisor of w and b?
32
Let k be (-2)/((-115)/30 + 4). Let p be (-224)/k + (-2)/(-6). What is the highest common divisor of p and 152?
19
Suppose 3*c = -c + 80. Let h = 52 + -32. Calculate the highest common divisor of h and c.
20
Suppose 0 = 4*n + 5*k - 2432, -4*n + 21*k - 23*k + 2432 = 0. Calculate the greatest common factor of 160 and n.
32
Let u be (-796)/(-22) - (-2)/(-11). Let n be 143 - -1 - (-3 - -3). Calculate the greatest common divisor of n and u.
36
Let k be (-3 - -9)*34/4. Suppose -5*c + k = -4. Calculate the greatest common factor of c and 11.
11
Let d be ((-396)/(-7))/(((-825)/154)/(-25)). Calculate the highest common factor of d and 154.
22
Let c = 447 - 285. Let q be 27/(-4)*16/(-6). What is the highest common divisor of q and c?
18
Let q be -5*(2 + -3) - 0. Suppose -3*j = -l - 10, -l = 4*j - 6 - q. Suppose -5 + 23 = j*v. Calculate the greatest common factor of v and 48.
6
Let a = -353 + 361. Calculate the greatest common factor of 200 and a.
8
Suppose 5 = 3*i + 14, -376 = -p - 5*i. Calculate the highest common factor of 92 and p.
23
Let m(h) = -h**3 - 4*h**2 - 6*h - 5. Let o be m(-3). What is the highest common divisor of o and 716?
4
Suppose -2*z = -4*g - 103 - 13, -3*z + 5*g + 173 = 0. What is the highest common factor of z and 7?
7
Let s(i) = -i**3 - 2*i**2 - 2*i - 11. Let a be s(-3). Suppose 45 + 431 = a*h. What is the highest common factor of 17 and h?
17
Let z = 25 - 23. Suppose 2*t - k = k + z, -5*t + 4*k + 6 = 0. Let a = t - -3. Calculate the highest common factor of 10 and a.
5
Let z(b) = 9*b**3 - b**2 - 3*b + 4. Let u be z(2). Let g = u - 54. What is the greatest common factor of g and 96?
12
Let n = 43 - 38. Suppose -n*y + 23 + 17 = 0. Calculate the highest common factor of 12 and y.
4
Let g(w) be the first derivative of 3*w**2/2 + 12*w - 9. Let f be g(-4). Let z be -4 + 112/4 + f. What is the highest common factor of z and 3?
3
Suppose -3*c + 164 = 2*b - 45, -5*b + 350 = 5*c. Let k be ((-65)/5)/(2 + c/(-33)). Let o = -30 + 43. Calculate the greatest common factor of k and o.
13
Suppose -41 = -3*z + 13. Let q = z - 18. Suppose -j - 4*a + 3*a + 10 = q, 2*j = 5*a + 55. What is the highest common divisor of j and 60?
15
Suppose 0 = -2*q + 3 + 89. Suppose -20*z + 56 = 2*g, -2*z - 4*g + 26 + 10 = 0. What is the greatest common divisor of z and q?
2
Let k be (-9)/(36/(-8) + 3 + 1). Suppose -48 = 2*j + 4*r, -68 = 4*j - 2*j - r. Let y = j - -122. Calculate the highest common divisor of y and k.
18
Let x(j) = -10*j + 5. Let z(w) = 20*w - 9. Let u(i) = -5*x(i) - 2*z(i). Let q be u(4). Calculate the highest common factor of q and 22.
11
Suppose -19*l - 36 = -22*l. Calculate the greatest common divisor of l and 78.
6
Let v(c) = -c - 1. Let t be v(-17). Suppose -t*n + 4 = -14*n. Suppose -5*d = -n*d - 270. Calculate the highest common divisor of d and 36.
18
Let w = 170 + -38. Calculate the highest common factor of 24 and w.
12
Let n = -1341 + 1778. What is the greatest common factor of 207 and n?
23
Let l(p) = -p**2 + 14*p + 3. Let s be l(9). What is the greatest common factor of 24 and s?
24
Let x(t) be the second derivative of t**4/12 + 5*t**3/3 + 3*t**2/2 - 8*t. Let n be x(-10). What is the greatest common factor of 15 and n?
3
Let d = 121 - 97. What is the greatest common divisor of d and 60?
12
Let f be 5/(10/8) + 1. Suppose n - 22 = 3*r, r + 3*r + 55 = f*n. Calculate the highest common factor of 1 and n.
1
Suppose 5*t - 5 = 0, 41 = -2*x - 5*t + 12. Let m(b) = -2*b - 19. Let v be m(x). Calculate the greatest common divisor of v and 60.
15
Let r = 36 - 30. Suppose -q + 3 = -r. Calculate the greatest common divisor of 72 and q.
9
Let u = 12 + -7. Let z be 4/5*(-10)/(-4). Suppose 0 = z*c - o - 6, -c - u*o + 0*o = 8. What is the highest common divisor of 18 and c?
2
Let g = 2 + -21. Let a be g/(-5) - (-12)/60. Suppose 0 = -3*i + 2*i + 10. What is the highest common divisor of a and i?
2
Let g be (-10 - (-863 + 7)) + 0. Calculate the highest common divisor of 18 and g.
18
Let i = -270 - -333. What is the greatest common factor of i and 252?
63
Let a(b) = b**2 - 4*b + 1. Let t be a(7). Let h = 10 - 11. Let q = t + h. What is the highest common divisor of 84 and q?
21
Let q = -15 - -23. Let f be q/36 + 291/27. Let g(y) = -y**2 - 3*y + 5. Let a be g(-4). What is the highest common factor of f and a?
1
Let g(p) = -4*p**2 - 358*p + p**2 - 4 + 341*p. Let x be g(-4). Suppose 0 = -3*t + 402 - 18. What is the greatest common divisor of t and x?
16
Let d = 526 + -499. Suppose 3*v = 162 + 84. Suppose -3*j + v = 28. Calculate the highest common divisor of d and j.
9
Let r = 51 + -41. Suppose 0 = r*p - 3*p - 70. Calculate the greatest common divisor of 130 and p.
10
Let u = -158 + 250. What is the highest common factor of 828 and u?
92
Let k(j) = 5*j + 149. Let i be k(-21). What is the greatest common divisor of 55 and i?
11
Let w be (-3)/(-21) - 6600/(-56). Let k = 155 - w. Calculate the greatest common factor of 111 and k.
37
Let f(m) = -m - 1. Let x be f(11). Let i = 15 + x. Suppose i*g + 6 = 0, -10 = -2*q + 2*g + 118. What is the highest common factor of 155 and q?
31
Let o = 38 - -74. Let n = o + -101. Calculate the greatest common factor of 88 and n.
11
Let f = -4 - -5. Let t be 